2, what is 101111011110 + 100?
101111100010
In base 14, what is -1 + -182?
-183
In base 11, what is -140 + 1?
-13a
In base 9, what is -120 - -4?
-115
In base 10, what is -2 - 40?
-42
In base 3, what is 111 - -12?
200
In base 9, what is 0 + 2237?
2237
In base 16, what is 1e - a?
14
In base 5, what is 1 - -2314?
2320
In base 6, what is -30013 + -2?
-30015
In base 8, what is -345 + 0?
-345
In base 7, what is -24 + 1223?
1166
In base 12, what is -42 - 18?
-5a
In base 7, what is 4 + 213?
220
In base 8, what is 0 + 15?
15
In base 16, what is 6 - 115?
-10f
In base 5, what is 423 + -14?
404
In base 11, what is -7 - -67?
60
In base 8, what is 1 - -164?
165
In base 9, what is -307 - -3?
-304
In base 11, what is -1 + -43?
-44
In base 6, what is 1 - 20152?
-20151
In base 14, what is 279 - 10?
269
In base 2, what is 110010100111 + 10?
110010101001
In base 2, what is 1011010 - -101101?
10000111
In base 9, what is 23 - -15?
38
In base 7, what is 2315 + 5?
2323
In base 10, what is 195 + 3?
198
In base 10, what is 78 + 1?
79
In base 5, what is 21411 - -10?
21421
In base 9, what is -4 - -111?
106
In base 13, what is -172 + 1?
-171
In base 12, what is -293 + -2?
-295
In base 8, what is -742 - 5?
-747
In base 4, what is -2 + 20000?
13332
In base 2, what is -1 - -1001?
1000
In base 6, what is -32 + 124?
52
In base 5, what is -3 - -1133?
1130
In base 15, what is -3926 + 2?
-3924
In base 14, what is -4 - -6b?
67
In base 11, what is 24 + 746?
76a
In base 14, what is 795 + 2?
797
In base 14, what is -2 - 261?
-263
In base 12, what is 2 - -5?
7
In base 10, what is -42 + 5?
-37
In base 8, what is -141 - -41?
-100
In base 7, what is -41 - -42?
1
In base 15, what is 2 - -69d?
6a0
In base 15, what is -5 + -65?
-6a
In base 3, what is 212020 - 10?
212010
In base 3, what is 11 + 12111?
12122
In base 3, what is 11 + 22201012?
22201100
In base 2, what is -1111 - 1010?
-11001
In base 5, what is 10 - -344?
404
In base 7, what is -1 - -12451?
12450
In base 13, what is -94c + -1?
-950
In base 5, what is -2 + -24144?
-24201
In base 7, what is 5 - -56?
64
In base 12, what is 471 + 5?
476
In base 5, what is 0 + 141?
141
In base 4, what is -12 + 3201?
3123
In base 12, what is 2 + -290?
-28a
In base 14, what is 1c3 + a?
1cd
In base 10, what is -3 - -4799?
4796
In base 11, what is -4 - -17?
13
In base 16, what is -47 + 2?
-45
In base 16, what is a - -3af?
3b9
In base 8, what is 10 + 237?
247
In base 14, what is 0 + -1d6?
-1d6
In base 15, what is -4 - 1069?
-106d
In base 9, what is -24 - -343?
318
In base 5, what is 401 - 0?
401
In base 15, what is b - 225?
-219
In base 8, what is 160 - 5?
153
In base 9, what is -11 + 28?
17
In base 13, what is 318 - -3?
31b
In base 6, what is 0 - 5?
-5
In base 5, what is 4224 + 4?
4233
In base 4, what is 20120 - -1?
20121
In base 4, what is -323 + -1123?
-2112
In base 2, what is -10 + -11100000100?
-11100000110
In base 9, what is 3 + -11?
-7
In base 16, what is 8fd3 - -4?
8fd7
In base 6, what is 0 - -10053?
10053
In base 8, what is -46 + 14?
-32
In base 8, what is 3 - 1274?
-1271
In base 11, what is -52 + 12?
-40
In base 11, what is -1 + -309?
-30a
In base 15, what is 48 - 103?
-aa
In base 2, what is 111011101 + 100?
111100001
In base 8, what is 3 - -1753?
1756
In base 12, what is -9711 - -2?
-970b
In base 10, what is 1 + -27?
-26
In base 13, what is 1 - -22?
23
In base 8, what is 204 - -1?
205
In base 6, what is 1545 - -1?
1550
In base 12, what is 3 - -425?
428
In base 7, what is 20 - 4?
13
In base 11, what is -14 + 13?
-1
In base 3, what is -12 + -1020202?
-1020221
In base 11, what is 3 + -1876?
-1873
In base 5, what is -21 - 12?
-33
In base 16, what is -1 + -38e?
-38f
In base 15, what is 1 - -1061?
1062
In base 12, what is -2 + -2397?
-2399
In base 14, what is 70d + -3?
70a
In base 11, what is 7a6 + 2?
7a8
In base 16, what is 1 + af8?
af9
In base 14, what is -5 - 5?
-a
In base 14, what is 35 + 5?
3a
In base 8, what is -21 + 4?
-15
In base 16, what is 27 + -c?
1b
In base 12, what is 3 - 21?
-1a
In base 3, what is -120 - 2022?
-2212
In base 15, what is -3 - 12?
-15
In base 6, what is 2 + -21012?
-21010
In base 7, what is -1 - 334?
-335
In base 12, what is 4 + -226?
-222
In base 14, what is 1 - 157?
-156
In base 11, what is -74 - -3?
-71
In base 5, what is 120 + -3?
112
In base 5, what is -3 + -32112?
-32120
In base 15, what is a4 + 1?
a5
In base 10, what is 4 - -3?
7
In base 13, what is -842 + -1?
-843
In base 12, what is 5 - -355?
35a
In base 5, what is -4 - 322?
-331
In base 10, what is 3545 + -12?
3533
In base 2, what is 1001100 - 11?
1001001
In base 12, what is -1 + 0?
-1
In base 4, what is -1223122 + 0?
-1223122
In base 14, what is 9c - 1?
9b
In base 5, what is 20 - -2000?
2020
In base 11, what is -255 + 3?
-252
In base 9, what is 32183 - -3?
32186
In base 14, what is 5 - 1b?
-16
In base 7, what is 2015 + -5?
2010
In base 7, what is 2 + -206?
-204
In base 3, what is 100110 - 10110?
20000
In base 4, what is -3 + 203?
200
In base 5, what is 133440 - 1?
133434
In base 6, what is -4 - -13153?
13145
In base 15, what is 3a1 - -6?
3a7
In base 9, what is -155 + -44?
-210
In base 8, what is 2 + 237?
241
In base 15, what is 22 - -8?
2a
In base 4, what is -2010 + -2?
-2012
In base 2, what is -11000101101 + 111?
-11000100110
In base 8, what is 5 - -7131?
7136
In base 3, what is -11 - -1020?
1002
In base 13, what is 1 - 609?
-608
In base 8, what is 1 - -62?
63
In base 5, what is 212322 - 10?
212312
In base 6, what is -321 + 0?
-321
In base 12, what is -16 - -b4?
9a
In base 14, what is 18 - -3?
1b
In base 14, what is -4 + -12a1?
-12a5
In base 15, what is -5 + 11?
b
In base 2, what is 100000110000001 + 101?
100000110000110
In base 4, what is 312 - -213?
1131
In base 6, what is 20 + -1441?
-1421
In base 14, what is -4 - -703?
6dd
In base 4, what is -122011 + 1?
-122010
In base 3, what is -111102 - 0?
-111102
In base 15, what is 2 + 59?
5b
In base 11, what is -1 - -93?
92
In base 7, what is -41005 - -1?
-41004
In base 10, what is 48 + 70?
118
In base 7, what is -1505 - -1?
-1504
In base 15, what is 3 + -10?
-c
In base 12, what is -30 + 3?
-29
In base 4, what is -1221 + 2?
-1213
In base 4, what is -1003 + -21?
-1030
In base 9, what is -2 + 66?
64
In base 3, what is -10 - -2022111?
2022101
In base 10, what is 1 - -58?
59
In base 3, what is 10220 + 1?
10221
In base 9, what is -3 - 242?
-245
In base 9, what is 573 - 0?
573
In base 12, what is -17 - -4?
-13
In base 2, what is 101010 - 100101?
101
In base 5, what is -3 + -3324?
-3332
In base 10, what is -9 - 7?
-16
In base 13, what is -66 - 6c?
-105
In base 14, what is -6 - -22?
1a
In base 3, what is -210111 + 0?
-210111
In base 14, what is -2c9 - 2?
-2cb
In base 2, what is 100101011 - 1001?
100100010
In base 16, what is 3 - 7?
-4
In base 10, what is 2 - 8?
-6
In base 10, what is -90 - 8?
-98
In base 5, what is -11 + -104?
-120
In base 16, what is -9ea + 1?
-9e9
In base 13, what is -5 + 3640?
3638
In base 3, what is -10 + -1002110?
-1002120
In base 3, what is 12 + -2110000?
-2102211
In base 12, what is -1 - 289?
-28a
In base 6, what is -30 + 2?
-24
In base 14, what is 27 - 6?
21
In base 9, what is 1 + 137?
138
In base 11, what is 398 + 1?
399
In base 14, what is 66 + 0?
66
In base 12, what is -a12 - -5?
-a09
In base 9, what is 36 + -225?
-178
In base 15, what is -5d - 2?
-60
In base 16, what is fb - -6?
101
In base 3, what is 0 + -1222211?
-1222211
In base 15, what is 1 + -113?
-112
In base 12, what is -2a - -272?
244
In base 13, what is 897 - 1?
896
In base 14, what is 5 - -663?
668
In base 11, what is -5 - 823?
-828
In base 15, what is 5 + -207?
-202
In base 8, what is 1 + -3773?
-3772
In base 3, what is -2202200 + -12?
-2202212
In base 15, what is -26 - bc?
-e3
In base 15, what is e5 + 5?
ea
In base 6, what is -504 - 4?
-512
In base 15, what is 1 - -39?
3a
In base 11, what is -337 + 8?
-32a
In base 5, what is 2 + -204?
-202
In base 7, what is 104 + -454?
-350
In base 2, what is -10110 + 11011?
101
In base 12, what is -6 - -41?
37
In base 13, what is 5 + 2b5?
2ba
In base 10, what is -388 - -2?
-386
In base 2, what is -11110 - -100001111?
11110001
In base 5, what is 204 - 3?
201
In base 9, what is -8 + 20?
11
In base 12, what is -769 - 6?
-773
In base 11, what is 38 + 84?
111
In base 8, what is 11 - 214?
-203
In ba